 highest common factor of 29 and s?
29
Suppose -2442 = -4*q - 9*k, -4*q + 2449 + 71 = -4*k. Calculate the greatest common divisor of q and 80.
16
Let s = -14035 - -14040. What is the greatest common divisor of s and 505?
5
Suppose 527 + 13 = 20*j. Suppose j*c + 4500 = 47*c. Calculate the highest common divisor of c and 25.
25
Let v(i) = -25*i**2 + 584*i + 79. Let p be v(18). Calculate the highest common divisor of p and 106.
53
Let f = 10 - 7. Let m(o) = -8*o - 18 + 13*o + 4. Let p be m(3). What is the greatest common divisor of p and f?
1
Let w be (112944/(-832))/(1/(-10)*(-15)/(-42)). What is the highest common divisor of w and 84?
21
Suppose 5*q - 26 - 371 = 4*t, -q - 195 = 2*t. Let x = -90 - t. Calculate the greatest common factor of 8 and x.
8
Suppose -5*t = 5*x - 880, -6*t + 2*x - 527 = -9*t. Let d = 99 + -74. What is the highest common divisor of d and t?
25
Suppose -231 = -5*i + 4*p, -3*p - 74 = -3*i + 67. Suppose 10*y = i*y - 13068. Calculate the highest common divisor of y and 11.
11
Let f = -45 + 178. Let t be (-4)/38 - ((-10787)/f)/1. What is the greatest common factor of t and 108?
27
Suppose 0 = 23*w - 21*w - 1634. Suppose 15*p = w - 7. What is the highest common divisor of p and 36?
18
Let w = -1993 - -2521. What is the greatest common divisor of 9 and w?
3
Let f be 12 + (5 - 0) + (30 - 38). What is the greatest common divisor of f and 5715?
9
Let l be (40/(-6))/((-12)/2754). Suppose 38*r - 43*r = -l. What is the greatest common divisor of r and 34?
34
Suppose 0 = 5*k + 5*y - 40, 4*k + y - 18 = 14. Let p be k - 0 - 4/8*10. Calculate the greatest common factor of p and 2.
1
Suppose b + 4*x - 9*x - 120 = 0, 5*b - 3*x - 578 = 0. Let c be b/69*(19*2 - 2). Calculate the highest common divisor of 12 and c.
12
Let n = 1503 - 900. Let d = 651 - 584. What is the greatest common factor of d and n?
67
Suppose -3*y + 17*n - 15*n = -34, 3*y = -n + 46. Let p be 2/(-8) - 595/(-28). What is the highest common factor of y and p?
7
Let f = 12683 + -9922. Calculate the highest common divisor of 11 and f.
11
Let c be (-1)/((-3)/63) + -3. Let g = 319 + -317. Calculate the greatest common factor of c and g.
2
Let c = -42924 - -42933. Suppose -w + 6*w - 45 = 0. Calculate the greatest common divisor of c and w.
9
Let n(q) = 26*q - 823. Let z be n(48). What is the greatest common divisor of z and 325?
25
Let s be 2/(-1)*36/(-8). Let n be 6/(-27)*(-4779)/s. What is the highest common factor of n and 295?
59
Let u = 783 - -2146. Calculate the highest common factor of u and 101.
101
Let d(l) = 18*l - 1332. Let s be d(77). Calculate the greatest common factor of s and 6408.
18
Let o be (2 - 32/20)*130. Suppose 4*h + 4*b - o = 0, 3*h + 2*h = b + 83. Calculate the highest common divisor of 20 and h.
4
Let w(s) = s**2 - 5*s + 187. Let n be w(0). Let o = -22 - -33. Calculate the highest common divisor of n and o.
11
Suppose 927 = 74*l - 71*l. Calculate the highest common divisor of l and 2.
1
Suppose 2*h = -3*v - 33 + 253, -2*h - 326 = -4*v. Calculate the highest common factor of 258 and v.
6
Let t be (-2470)/(-1) - (81 - 86). Suppose -22*f = -11*f - t. Let y(n) = 2*n**2 - 6*n + 5. Let g be y(5). What is the highest common factor of g and f?
25
Let g = 53 + 722. Let w = g - 684. What is the highest common factor of 104 and w?
13
Suppose -4*i = 3*u - 62, 15*i - 17*i = -5*u + 138. Calculate the highest common divisor of 3328 and u.
26
Suppose -27*x = 17*x - 5896. Calculate the highest common divisor of x and 2.
2
Let c = 21 - 4. Let z(s) = 3*s**3 - 2*s**2 - 3*s + 7. Let u be 32/20 + (6/15 - 0). Let q be z(u). Calculate the greatest common factor of c and q.
17
Suppose 0 = 11*u - 5*u + 438. Let v = u - -103. Calculate the highest common factor of 60 and v.
30
Suppose -2*c = 19*c + 4*c - 12750. Calculate the highest common factor of 5440 and c.
170
Let m(x) = -x**3 + 11*x**2 + 15*x - 9. Let w be m(12). Suppose -55*i + 53*i + 756 = 0. What is the greatest common divisor of i and w?
27
Let f = 2666 - 2482. Calculate the highest common divisor of f and 2484.
92
Suppose 147 - 37 = -11*n. Let r be (-102)/9*27/36*n. Calculate the highest common divisor of r and 5.
5
Let g = -82 - -162. Suppose g = 2*w - 2*z, -z - 110 = -3*w - 0*w. Calculate the greatest common factor of 28 and w.
7
Let o be (104/32)/(-13) + (-610)/(-8). Calculate the greatest common factor of 20 and o.
4
Suppose 0 = -18*s - 15*s + 7854. Let h = 293 - s. Calculate the highest common divisor of 605 and h.
55
Let r(m) = m**3 - 3*m**2 - 8*m + 10. Let h be r(5). Suppose -g = h + 5. Let x = 55 + g. Calculate the highest common factor of x and 30.
30
Let q be 4/(-28)*-300*-7. Let o be ((-13)/(195/72))/(9/q). What is the greatest common divisor of 20 and o?
20
Let b = -27526 - -32635. What is the greatest common factor of 273 and b?
39
Let w(f) = 5*f**2 + 31*f + 20. Let t be w(-6). Let p = 2 - -2. Suppose p*v - 4*j = 460, -v + 215 = v + 3*j. What is the greatest common factor of v and t?
14
Let w(u) = -1820*u - 10621. Let i be w(-12). Calculate the highest common divisor of i and 13.
13
Let l be 19 - 0 - (3/2 + 988/(-152)). Calculate the greatest common divisor of l and 376.
8
Let u be (1 + 5)*15/1. Let q = u - 62. Let k = -16 + q. Calculate the greatest common divisor of 30 and k.
6
Let a(c) = c**2 + 21*c + 44. Let x be a(-18). Let s be 30/x + -9*4/(-6). Suppose -7*l = s*l - 380. What is the greatest common divisor of 57 and l?
19
Let g be -3 + (-1 - -2) + (1 - (-13 + -144)). What is the greatest common divisor of 7332 and g?
156
Suppose -32*r + 36*r = d + 252, -108 = -2*r + 5*d. What is the greatest common divisor of r and 368?
16
Let u be ((-966)/35)/(6/(-20)). Suppose 0 = -91*l + u*l - 28. What is the greatest common factor of l and 7?
7
Let j = 164 + -159. Suppose j*i + 35 = 12*i. Calculate the greatest common divisor of i and 4.
1
Let c be (4 - 4 - 10) + -4. Let z be (-84)/c*(-1 - -1 - 1). Let k be 16*3*-1*2/z. Calculate the greatest common divisor of k and 40.
8
Suppose 16*w + 50*w = 17226. Suppose -a = 2*a - 27. Calculate the highest common factor of w and a.
9
Suppose 3970 - 43350 = -194*j + 15*j. Calculate the greatest common divisor of j and 2695.
55
Let n = 1544 + -716. What is the highest common divisor of n and 92?
92
Let l be ((-5056)/(-4424))/(2/(43 + -1)). Suppose -5*m + z + z + 88 = 0, -4*m - 5*z + 44 = 0. What is the highest common factor of l and m?
8
Let x be (-392)/(-6) - (-1)/(-3). Let q = -257 + 262. Suppose 2*g - 3*j - 58 - 6 = 0, 0 = q*g + 3*j - 118. Calculate the greatest common factor of x and g.
13
Suppose 5*z + 22 = -2*m - 4, 12 = -4*m. Let s be (z + 61)*(-4)/(-3). What is the greatest common divisor of 342 and s?
38
Let o be (992/155 - 2/5) + 876. What is the greatest common divisor of o and 28?
14
Suppose -72 = -0*r - 3*r. Suppose -24 = 4*s + r. Let q be ((-50)/s*-2)/(1/(-3)). Calculate the greatest common factor of q and 25.
25
Let f(i) = -i**3 + 13*i**2 + 47*i + 10. Let b be f(13). Let u = -234 + b. What is the greatest common factor of 43 and u?
43
Let x = 13586 - 8523. What is the greatest common factor of 183 and x?
61
Suppose -135 - 297 = -8*d. Let k = -47 + d. Suppose -22 = -k*c + 5*c. What is the highest common factor of c and 1?
1
Let w be 4/((-16)/(-1772)) - (-9)/(-54)*12. Let i be (-2)/(-12) + 901/102. Calculate the greatest common factor of w and i.
9
Let h = 18618 + -18516. Calculate the greatest common factor of 162 and h.
6
Let k be 64/((-1)/2*-2). Let s be 65/9 + (-26)/117. Suppose -s = -4*z + 25. Calculate the highest common factor of z and k.
8
Let p = 20 + -15. Suppose 0*d - p*d + b + 44 = 0, -b = d - 10. Let z = 12 - 6. Calculate the greatest common factor of z and d.
3
Suppose -2*t + 5*h = -61, 2*t - 3*t = -h - 29. Suppose -1491 = -4*i + 637. What is the highest common divisor of i and t?
28
Let b = 162745 + -162707. Let a(l) = 28*l**2 + l. Let n be a(2). Calculate the highest common divisor of b and n.
38
Suppose -5*y - 2 = -3*v, -4*v + 5*y + 6 = -0*y. Suppose m = 3*n + 1 + 32, 5*n = -v*m + 115. Let a = 3 + m. Calculate the greatest common factor of a and 11.
11
Let f(i) = 25*i**2 + 14*i + 9. Let g be f(-3). Suppose 0 = -4*l - 4*o + g, -l + o = 2*l - 152. What is the greatest common divisor of l and 225?
25
Let y(c) = 5*c + 828. Let z be y(0). Suppose 6*